174621589?
1
What is the hundreds digit of 1938285389?
3
What is the ten millions digit of 3481839934?
8
What is the millions digit of 5138272332?
8
What is the millions digit of 2261021503?
1
What is the hundred millions digit of 152952699?
1
What is the hundreds digit of 67544872?
8
What is the tens digit of 515227910?
1
What is the millions digit of 4483140043?
3
What is the tens digit of 420779450?
5
What is the tens digit of 1247866888?
8
What is the ten millions digit of 196904597?
9
What is the units digit of 1792852494?
4
What is the tens digit of 13977038?
3
What is the hundred thousands digit of 20186221?
1
What is the tens digit of 72409312?
1
What is the hundred thousands digit of 147553667?
5
What is the ten thousands digit of 1497829405?
2
What is the units digit of 34968128?
8
What is the billions digit of 4420825786?
4
What is the hundreds digit of 833155757?
7
What is the ten thousands digit of 3002298670?
9
What is the hundreds digit of 32792032?
0
What is the ten millions digit of 39327009?
3
What is the units digit of 160805199?
9
What is the hundreds digit of 363659802?
8
What is the thousands digit of 4957128688?
8
What is the tens digit of 484404535?
3
What is the thousands digit of 10680586?
0
What is the tens digit of 26892281?
8
What is the hundreds digit of 1093242245?
2
What is the millions digit of 100658207?
0
What is the hundred thousands digit of 49831006?
8
What is the hundred millions digit of 2007631559?
0
What is the hundred millions digit of 443113718?
4
What is the hundreds digit of 2964313727?
7
What is the ten millions digit of 508921963?
0
What is the ten millions digit of 391952725?
9
What is the units digit of 7961534775?
5
What is the units digit of 68426670?
0
What is the hundred thousands digit of 1873405652?
4
What is the millions digit of 226777565?
6
What is the ten thousands digit of 132865670?
6
What is the millions digit of 445821510?
5
What is the hundred thousands digit of 1867992781?
9
What is the hundreds digit of 446921788?
7
What is the hundreds digit of 995727475?
4
What is the hundred thousands digit of 143298585?
2
What is the hundred thousands digit of 1672735441?
7
What is the hundred thousands digit of 2362952169?
9
What is the thousands digit of 17559583?
9
What is the ten millions digit of 410033459?
1
What is the ten thousands digit of 74351580?
5
What is the thousands digit of 11045000?
5
What is the hundred thousands digit of 87965057?
9
What is the ten millions digit of 731345204?
3
What is the hundred thousands digit of 87621830?
6
What is the hundred thousands digit of 226594655?
5
What is the ten thousands digit of 15621086?
2
What is the hundred millions digit of 189824972?
1
What is the tens digit of 62312046?
4
What is the hundreds digit of 605532144?
1
What is the units digit of 22949091?
1
What is the thousands digit of 51293878?
3
What is the ten thousands digit of 250378955?
7
What is the hundred thousands digit of 9031203?
0
What is the millions digit of 11959382?
1
What is the ten millions digit of 274192682?
7
What is the ten thousands digit of 3532250522?
5
What is the billions digit of 3464818406?
3
What is the millions digit of 150370252?
0
What is the units digit of 40514030?
0
What is the thousands digit of 305396652?
6
What is the hundred thousands digit of 42231290?
2
What is the hundreds digit of 750774090?
0
What is the hundred thousands digit of 2891911234?
9
What is the millions digit of 90283061?
0
What is the tens digit of 48674431?
3
What is the ten thousands digit of 123211543?
1
What is the hundred thousands digit of 872364792?
3
What is the ten thousands digit of 231464492?
6
What is the hundred millions digit of 399506203?
3
What is the thousands digit of 34049103?
9
What is the ten thousands digit of 6299800547?
0
What is the millions digit of 24014748?
4
What is the tens digit of 22791033?
3
What is the hundred millions digit of 359879729?
3
What is the units digit of 1907509044?
4
What is the ten thousands digit of 1523185611?
8
What is the hundred millions digit of 4395584365?
3
What is the hundreds digit of 538328326?
3
What is the millions digit of 1324040184?
4
What is the tens digit of 4072668?
6
What is the tens digit of 82040385?
8
What is the ten millions digit of 623516178?
2
What is the ten thousands digit of 89231375?
3
What is the tens digit of 153019289?
8
What is the thousands digit of 73006973?
6
What is the thousands digit of 339138729?
8
What is the ten thousands digit of 88656098?
5
What is the ten thousands digit of 86121958?
2
What is the hundred millions digit of 595407280?
5
What is the millions digit of 320148054?
0
What is the millions digit of 6126110846?
6
What is the ten millions digit of 74878416?
7
What is the hundred millions digit of 460885612?
4
What is the hundred thousands digit of 62501647?
5
What is the tens digit of 19015885?
8
What is the millions digit of 2627720?
2
What is the units digit of 920767467?
7
What is the ten thousands digit of 583601914?
0
What is the hundreds digit of 2784647834?
8
What is the hundred thousands digit of 29515646?
5
What is the ten thousands digit of 5220619711?
1
What is the ten millions digit of 669783997?
6
What is the units digit of 41787910?
0
What is the millions digit of 64122782?
4
What is the tens digit of 83946793?
9
What is the thousands digit of 24640804?
0
What is the hundred thousands digit of 639046501?
0
What is the units digit of 843031335?
5
What is the hundreds digit of 30727504?
5
What is the ten millions digit of 3119697011?
1
What is the ten thousands digit of 773860122?
6
What is the thousands digit of 432904838?
4
What is the units digit of 353271801?
1
What is the thousands digit of 1704428197?
8
What is the units digit of 17852571?
1
What is the units digit of 251489376?
6
What is the billions digit of 2090373052?
2
What is the hundreds digit of 39735325?
3
What is the ten thousands digit of 517686229?
8
What is the billions digit of 1576037536?
1
What is the hundred thousands digit of 11963279?
9
What is the thousands digit of 290647292?
7
What is the hundreds digit of 143559836?
8
What is the units digit of 499101443?
3
What is the ten thousands digit of 849568149?
6
What is the thousands digit of 276951191?
1
What is the tens digit of 221764361?
6
What is the hundreds digit of 195919296?
2
What is the ten millions digit of 455033187?
5
What is the tens digit of 207874658?
5
What is the units digit of 71963855?
5
What is the ten millions digit of 403744562?
0
What is the tens digit of 58551115?
1
What is the thousands digit of 318038775?
8
What is the hundred thousands digit of 812365632?
3
What is the tens digit of 3149610505?
0
What is the tens digit of 145935005?
0
What is the millions digit of 17971491?
7
What is the hundreds digit of 32957683?
6
What is the hundred millions digit of 1842021510?
8
What is the hundreds digit of 2213613596?
5
What is the tens digit of 404424487?
8
What is the hundred thousands digit of 5002833890?
8
What is the tens digit of 1131514487?
8
What is the ten thousands digit of 19983753?
8
What is the tens digit of 1892732141?
4
What is the ten millions digit of 2669898480?
6
What is the units digit of 240084366?
6
What is the tens digit of 13269789?
8
What is the ten thousands digit of 35393263?
9
What is the hundreds digit of 1170439391?
3
What is the tens digit of 8984185?
8
What is the thousands digit of 1129335901?
5
What is the tens digit of 2884860953?
5
What is the thousands digit of 3053107?
3
What is the units digit of 3371577836?
6
What is the tens digit of 149356789?
8
What is the millions digit of 11375496?
1
What is the ten millions digit of 78150814?
7
What is the millions digit of 1772424689?
2
What is the tens digit of 264066985?
8
What is the ten millions digit of 343397643?
4
What is the hundred thousands digit of 73875406?
8
What is the tens digit of 556385702?
0
What is the ten millions digit of 124904607?
2
What is the hundreds digit of 2428310687?
6
What is the ten millions digit of 782935461?
8
What is the ten millions digit of 717849083?
1
What is the millions digit of 182919344?
2
What is the hundreds digit of 152890178?
1
What is the thousands digit of 141843739?
3
What is the hundred